/3 + (-7)/(-3). Let d(f) be the first derivative of -f**2/2 + f - 2. What is d(p)?
-1
Let c(f) = 3*f**2 - 8*f - 6. Let u(y) = 2*y**2 - 8*y - 6. Let v(l) = 3*c(l) - 4*u(l). Give v(-6).
-6
Let u(z) = -3*z - 3. Let i(t) = t**3 + 7*t**2 - 2*t - 10. Let m be i(-7). Suppose 0 = -o - p - 9, m*o = 2*o + p - 3. Determine u(o).
9
Let h(g) = g**3 - 4*g**2 - g - 1. Suppose 13 = 4*b + 1. Calculate h(b).
-13
Let q(s) = -4*s**3 - 2*s**2 - 3*s + 2. Let o(u) = 3*u**3 + 3*u**2 + 3*u - 3. Let d(l) = -3*o(l) - 2*q(l). Determine d(-4).
1
Let c(x) be the third derivative of -x**6/120 - x**5/10 - x**4/6 - x**3/6 + 22*x**2 - 4*x. Suppose -2*k - 10 = -0. What is c(k)?
-6
Let q(w) = w - 13. Let b be q(8). Let o be (8/(-10))/(1/b). Suppose -4*g - 4*j + o = 0, 3*j = g + 7 - 0. Let n(d) = 9*d**3 + d**2 - d - 1. Give n(g).
-8
Let n(f) = -34*f + 1. Let k(w) = 2*w. Let a(g) = -5*k(g) - n(g). Give a(-1).
-25
Let d(f) be the first derivative of 2 - 3*f + f**2 - 2*f - 3. Suppose -2*r + 23 = 3*r + 3*w, 18 = 5*r - 2*w. What is d(r)?
3
Let h(q) be the second derivative of -q**4/6 - q**3/6 + 19*q. Determine h(1).
-3
Suppose 4*c + 0*c - 12 = 0. Let q(o) = -4*o + 1. Determine q(c).
-11
Let z(g) = g**3 - 4*g**2 + 5*g - 2. Let d = -8 - -16. Suppose 4*i - 2 = -2*f, -f = 5*i - d*i + 14. Determine z(i).
4
Let z = 15 - 13. Let l(g) be the second derivative of -g**6/144 + g**5/40 + g**4/6 + g. Let s(i) be the third derivative of l(i). Give s(z).
-7
Let k(c) = -c**3 + 9*c**2 + c - 5. Let b be k(9). Let w(r) = -r**2 + 2*r + 2. Give w(b).
-6
Suppose 2 = -5*j + 6*j. Let y(w) = w**3 - w**2 - 1. Let p be y(2). Let d(g) = 2 + 5*g**j + g**p - 2 - 5 + 3*g. Give d(-4).
-1
Let h be 1 + 2*(-3)/2. Let t(g) = 1 + 26*g**2 - 8*g**2 - 2*g - 7*g**2 - 10*g**2. Determine t(h).
9
Let f(t) = -2*t - 9. Let r be (2/4)/((-75)/36 + 2). Give f(r).
3
Let m(f) = f. Let u be m(5). Suppose 0*w - 4*o + 3 = -u*w, -6 = -3*o. Let y = w - -4. Let k(z) = z**2 - 7*z + 3. What is k(y)?
-7
Suppose 2*a = -5*f + 10, 5*f = a + 12 - 2. Let t(k) be the first derivative of -k**3/3 - k**2/2 + 6*k - 1. Give t(a).
6
Let g(i) = -4*i**3 - 6*i**2 - 6*i - 2. Let h(y) = 5*y**3 + 7*y**2 + 7*y + 2. Let p(s) = 4*g(s) + 3*h(s). Calculate p(-2).
0
Let j(n) = 2*n**2 + 4. Let u(b) = -b**2 - 3. Let k(t) = -4*j(t) - 5*u(t). Suppose 2*m + 3 - 1 = 0. Determine k(m).
-4
Let d(l) = -l**2 + 3*l + 7. Let y(z) = -z**2 + 6*z + 12. Let k be y(7). What is d(k)?
-3
Suppose 0 = -a + 3*s, s - 32 = 5*a + 2*s. Let r(f) = -2*f - 1. What is r(a)?
11
Let w(v) = -3*v - 10. Let i(l) = -16*l - 51. Let a(y) = 2*i(y) - 11*w(y). Determine a(-6).
2
Let h(v) = v**3 + 3*v**2 - 2. Let u be h(-3). Let p be -2 + -1*(0 + u). Let k(f) = -10 + 15 - 6 - f. Give k(p).
-1
Let t(j) = -j**3 + 12*j**2 + 14*j - 11. Let k be t(13). Let r = -4 + k. Let a(s) = -3*s**2 - s + 2. Give a(r).
-8
Let l(w) = -w**3 + 0*w**2 - w + w**2 + 0*w**2 - 2*w**2 - 15. Determine l(0).
-15
Let z(b) = -b**3 + 6*b**2 + 4*b + 8. Let r(c) = -c**3 + 6*c**2 + 3*c + 7. Let j(h) = 5*r(h) - 4*z(h). Determine j(6).
-3
Suppose 0 = -n + 27 - 34. Let b(i) = i**3 + 6*i**2 - 8*i - 9. Calculate b(n).
-2
Suppose 4*k - 3 - 5 = 0. Let b(j) be the first derivative of 6*j + 2 - 2*j - 2*j - 2*j**2. Give b(k).
-6
Let g(c) = -4*c - 2*c**2 + c**2 + 4 + 8*c. Let s be g(3). Let k = 4 - s. Let d(q) = q**3 + 2*q**2 - 2*q + 1. What is d(k)?
-2
Suppose -a = 2*a. Let y(p) = -p**3 - 5*p**2 + 5*p - 3. Let m be y(-6). Let d(s) = 3 - 6 - s + a - m. Give d(-5).
-1
Suppose -2*v + 1 + 5 = 5*z, 4*v + 36 = 2*z. Let n(u) = u**2 + 9*u + 9. Calculate n(v).
-5
Let q be (24/20)/((-6)/(-15)). Let v(j) = -q + j - j**3 + 2 - 1 + 4*j**2 + 0*j. Give v(4).
2
Let v = 7 + -9. Let g(o) = -o - 2. Let h(b) = 2*b + 2. Let x(n) = -4*g(n) - 3*h(n). Determine x(v).
6
Let g(p) = -p**3 - 2*p**2 + 3*p + 1. Let l be g(-3). Let b(q) be the first derivative of -1/2*q**2 - 4 + q - q**3. Give b(l).
-3
Let r be (-4)/(-6) + (-28)/6. Let o(y) = 2*y + 3. Let j be o(r). Let q(u) = u + 1. Let d(m) = -m - 1. Let z(v) = d(v) + 2*q(v). What is z(j)?
-4
Let v(c) = c**3 + 5*c**2 + 2*c + 5. Let s(u) = -3*u**3 - 11*u**2 - 3*u - 10. Let z(x) = -2*s(x) - 5*v(x). Determine z(4).
-5
Let r(f) = -f**2 - f - 2. Suppose 32 = 4*s + 116. Let u = 18 + s. Give r(u).
-8
Let y be 10/4 - 3/6. Suppose -2 + 6 = i. Let t(f) = i*f**y - f + 1 - 1. Determine t(-1).
5
Let z(t) be the third derivative of -1/20*t**5 + 1/120*t**6 + 1/6*t**3 + t**2 + 0*t + 0 - 7/24*t**4. Calculate z(5).
16
Suppose -47 = -14*q - 117. Let g(j) = -3*j + 3. What is g(q)?
18
Let t(x) = 5*x + 1. Let f(n) = -9*n - 1. Let z(j) = -4*f(j) - 7*t(j). Give z(4).
1
Suppose k + 6 = 4*k. Suppose -b = k*b - 12. Suppose -b*f + 1 = -2*r + 3*r, 0 = 4*f. Let z(a) = -4*a**2 - a. What is z(r)?
-5
Let z(s) = 20 + 16 - 34 + s. What is z(6)?
8
Let z be (3 + -33)/(-6) + 1*-1. Let v(s) = s - 2. Calculate v(z).
2
Let r = 0 - 9. Let y be 6/r*3/(-2). Let i(p) = -2*p + 5 - 3 - y. What is i(3)?
-5
Let g(k) be the first derivative of -k**3/3 + 3*k**2 + 9*k + 13. Let s(y) = y**3 - 7*y**2 + 6*y + 7. Let h be s(6). What is g(h)?
2
Let d(t) = -4*t + 3. Let j = 62 + -59. Determine d(j).
-9
Let i(z) = -1 - 3*z - z + 5*z + 3*z. Give i(5).
19
Let q(x) = 2*x - 5 + x**2 - 2*x**2 - 8*x. Determine q(-5).
0
Let g(q) be the second derivative of q**3/6 + q. Let j be (-4)/(-12) + (52/(-6))/2. Give g(j).
-4
Let z = -5 + 9. Let g(m) = -m**2 - 33 + 9*m + 53 - 26. Calculate g(z).
14
Suppose -2*p - 2 = 2*h, 0 + 3 = -5*h - 4*p. Let x(m) = -h + 3*m - m - 1. Let r be 1*1*(1 - 3). Determine x(r).
-6
Let m be 10/18 + 64/144. Let i(x) = -5*x**2 + x - 1. Give i(m).
-5
Let k = -3 - -7. Let q(v) = v**3 - 3*v**2 + v + 1. Give q(k).
21
Let o(m) = -m**2 + 12*m + 6. Let s(j) = j**2 + 2. Let a be s(2). Let w(n) = n**2 - 11*n - 5. Let c(y) = a*o(y) + 7*w(y). What is c(4)?
-3
Let u(h) be the second derivative of -h**5/20 - 5*h**4/12 - 5*h**3/6 - 3*h**2 - 3*h. Calculate u(-4).
-2
Let g(m) = -13*m**3 + m - 1. Let l be (-5)/10 - (-3)/2. Determine g(l).
-13
Let u(z) = -5*z + 4 + 8 + z**2 - 14. Let i(r) = r**3 + 4*r**2 + 2*r + 2. Let t be i(-3). Calculate u(t).
-2
Let y(q) = -q**2 + 4*q + 11. Let d be y(5). Let n(m) = -m + 6. Calculate n(d).
0
Let m(j) = j**2 + 4*j - 5. Suppose 5*w = 5*f - 14 - 1, -5*w + 4*f = 10. Let h be (1 + w - 1)*-2. Calculate m(h).
-5
Let m be (-2)/5 + (-34)/(-10). Let j(y) = -6 + 4*y**m - 3*y**3 - 5*y**2 + 4*y - 2*y**3. Suppose -3*f - 30 = 2*f. What is j(f)?
6
Let g(n) be the first derivative of 10*n - n - n**2 + 8 - 3*n + 0*n**2. Let t = 17 - 12. What is g(t)?
-4
Let c(n) be the third derivative of 0 - 1/60*n**5 + 1/24*n**4 - 5*n**2 + 1/2*n**3 + 0*n. Determine c(4).
-9
Let q(g) = 4*g**2 - 6*g - 2. Let r(b) = b**2 + 1. Let d(n) = q(n) - 3*r(n). Let w be -2*3/21 + 306/42. Determine d(w).
2
Let u(x) = -4*x**3 - x**2 - 4*x - 3. Let p be u(-1). Let r(j) be the third derivative of 0 - 1/12*j**p + 0*j - 1/6*j**3 - 3*j**2. Calculate r(4).
-9
Let s(f) = f. Suppose 0 = 4*q + 4. Determine s(q).
-1
Let q(u) = -2*u - 2*u + 2*u - 2. Let l be (-9)/6*(1 - -1). Calculate q(l).
4
Suppose -117 - 107 = -4*x. Let z = -32 + x. Suppose 2*r + 2*r + z = 0. Let q(b) = b - 1. Give q(r).
-7
Let j = 37 + -32. Let b(u) = -u**3 + 5*u**2 + 5. Determine b(j).
5
Let p = -3 - -1. Let o(m) be the first derivative of 1/3*m**3 + m + 5 + 1/4*m**4 - 1/2*m**2. What is o(p)?
-1
Let g(q) = -q**2 + q + 1. Let l(r) = r**3 - 3*r**2 + r + 4. Let j(x) = 3*g(x) - l(x). Let v be j(1). Let k(z) = -z - 2. What is k(v)?
-2
Let v(n) = -n**2 - 4*n - 3. Suppose 0 = -0*b + 3*b + 6. Let j be b/(-3) + (-13)/(-3). Let d be j/(-2)*(-2)/(-1). Determine v(d).
-8
Suppose 4*x = 9 + 3. Let r(q) be the third derivative of -q**4/6 - q**3/3 + 26*q**2. Calculate r(x).
-14
Let c = 0 - 3. Let y(v) be the second derivative of -v**7/2520 - v**6/360 - v**4/6 + 2*v. Let p(u) be the third derivative of y(u). Determine p(c).
-3
Let f(g) be the first derivative of -g**3/3 - 3*g**2/2 + 4*g + 8. Calculate f(-6).
-14
Suppose -5*x + 20 = 5*r, -3*x - r + 8 = 2. Let f(k) = -2 - 3*k + x + 0 - 3. Give f(-3).
5
Let h(v) = 2*v + 9. Let x(y) = -y - 8. Let c(m) = -4*h(m) - 5*x(m). Suppose 6 = 3*s, -2*s = -0*z + 2*z + 4. Calculate c(z).
16
Let z(b) = -2*b + 1. Suppose -5*m - 1 = 3*g + 5, 0 = 2*g + 5*m + 4. Let p(o) = -2*o - 3. Let i be p(g). Suppose 3 - i = 2*k. Determine